e the greatest common factor of 42 and y.
21
Suppose -3*p = d - 0*d - 30, -2*d = 5*p - 56. Let x be (-5)/(-4) + d/24. Let h = 22 + -4. Calculate the highest common factor of h and x.
2
Let y(x) = -x**3 - 8*x**2 - 15*x - 36. Let n be y(-7). Calculate the highest common divisor of n and 340.
20
Let f = 201 - 183. Calculate the greatest common factor of 42 and f.
6
Suppose -3*v - 2*q + 4*q - 4 = 0, 3*v = q + 1. Suppose -3*x + 33 = 4*o, -11 = x - v*x - 5*o. What is the highest common divisor of x and 121?
11
Suppose -79 = 2*w - 139. Suppose 20*p = 22*p - 540. What is the greatest common factor of p and w?
30
Let q be (-1 - -97)/(9/12). Calculate the highest common factor of 24 and q.
8
Let q = 19 + -15. Suppose -51 = n - 5*n - 3*a, 3*n + q*a = 47. Let u be 3/n + 672/9. What is the highest common factor of u and 25?
25
Let x be (-6 + 3)*2/6. Let p(i) = -257*i + 1. Let q(u) = u - 1. Let t(n) = x*p(n) - 2*q(n). Let c be t(1). What is the highest common divisor of 32 and c?
32
Let s(l) = -9*l + 3. Let a be s(-5). Let x = 43 + -31. Calculate the highest common factor of a and x.
12
Let k(x) = -x**2 - 10*x - 14. Let y be k(-11). Let h = 43 + y. What is the greatest common factor of 45 and h?
9
Suppose 3*a + 2*i - 1915 = 4*i, 4*i + 3193 = 5*a. Suppose 6*h = -h + a. What is the highest common divisor of h and 13?
13
Suppose 4*h + v = 5*v + 468, 5*h - v = 565. Suppose 2*f - 72 = -4*y, -f - f = -4*y - h. Calculate the highest common factor of 23 and f.
23
Let r = 26 + -21. Suppose f + 4*n + 49 = 2*f, -5*f + 2*n = -227. Calculate the greatest common divisor of f and r.
5
Let q(v) = 5 + v**3 + 14*v - 2 - 2*v**3 - 3*v**2. Let x be q(-6). What is the highest common factor of x and 189?
27
Suppose -n + 8 = b + 6, 2*b = 0. Let w be ((-91)/n)/(2/8*-2). What is the greatest common divisor of w and 13?
13
Let d(i) = i**3 + 13*i**2 - 9*i - 17. Let t be d(-14). Let y = 95 + t. Calculate the highest common divisor of y and 28.
4
Let y(q) = q**2 - 3*q - 7. Let l = -18 + 23. Let u be y(l). What is the highest common divisor of u and 12?
3
Suppose 0 = 4*c - 3*q - 26, -c = c + 4*q - 2. Let m be (-11)/((-924)/2952) - (-2)/(-14). What is the greatest common divisor of m and c?
5
Let u = -199 + 203. Calculate the highest common factor of 38 and u.
2
Let o be 19114/19 + (1 - 3). Suppose -404 = -2*h + g, 5*h = g - 0*g + o. Calculate the greatest common divisor of h and 25.
25
Suppose -388*q = -400*q + 3528. Calculate the greatest common divisor of 6 and q.
6
Let y = -387 + 495. Calculate the greatest common divisor of 27 and y.
27
Let n(o) = 11*o**2 - 78*o - 5. Let l be n(9). What is the greatest common factor of l and 23?
23
Let t = 1179 - 1161. What is the highest common divisor of 18 and t?
18
Let b be 4/6*(-11 - 1). Let n(v) = -8*v + 2. Let y be n(b). Calculate the highest common factor of y and 6.
6
Let g(d) = 10*d - 27. Let c be g(6). Let t(r) = 0*r + 0 - r + 1. Let w be t(-2). Calculate the greatest common factor of c and w.
3
Suppose 2*x - 5*v - 284 = 0, 5*x - 7*v + 12*v = 640. What is the greatest common factor of 154 and x?
22
Suppose -f = -4, f = -d - d - 36. Let o be d/(((-9)/10)/9). Calculate the greatest common factor of 80 and o.
40
Let u = 414 + -294. Suppose 4*z + 29 = 3*q, -5*q - 4*z + 76 = -15. What is the highest common divisor of u and q?
15
Suppose -7*c + 17*c = 180. What is the highest common divisor of c and 306?
18
Suppose 4*v + 5*a = 506, 5*a + 204 = 3*v - 158. Calculate the greatest common factor of 1612 and v.
124
Let y be (-22)/4*(-16)/8. Let r(i) = -i + 23. Let c be r(y). Calculate the highest common factor of c and 24.
12
Let x = 128 + -134. Let r(l) = -l**3 - 3*l**2 + 15*l + 14. Let c be r(x). Calculate the greatest common factor of 256 and c.
32
Let r be 1/(-2) + 242/4. Suppose 0 = -2*o + o - 3, 40 = 5*j - 5*o. Suppose 13 = k + 5*u + 3, -2*k = -j*u - 50. Calculate the highest common factor of r and k.
20
Let h(u) = -5 + 12*u - 6*u**2 - u**3 - 5 - 16*u + 1. Let y be h(-6). What is the greatest common factor of 75 and y?
15
Suppose 5*n + 2*c = n + 26, 4*c = -2*n + 16. Suppose n*s - 32 = 4. Suppose -924 = s*o - 12*o. Calculate the highest common divisor of o and 14.
14
Suppose 0 = -6*i - 217 + 61. Let g = -31 - 9. Let b = i - g. What is the greatest common factor of b and 154?
14
Let y(k) = 12*k**2 - 9*k - 6. Let s be y(4). Calculate the highest common factor of 50 and s.
50
Let t be 156/9 + -3 - 4/12. Let f(z) = z**3 + 7*z**2 + 6*z + 3. Let o be f(-6). Suppose 70 = o*l - l. Calculate the highest common factor of l and t.
7
Suppose 0 = -5*b + 4*t + 97, 2*b + 3*t - 50 + 2 = 0. What is the highest common factor of b and 105?
21
Suppose 0*q = 16*q - 14592. What is the greatest common factor of q and 24?
24
Let g(m) = -10*m - 25. Let y(k) = 7*k + 17. Let f(t) = -5*g(t) - 7*y(t). Let j be f(11). Calculate the highest common divisor of j and 119.
17
Let c be (-2)/(-7) - (-1392)/28. Suppose -9*n + 133 = -92. What is the highest common divisor of n and c?
25
Let d be 6/(-8) - 14/(-8). Suppose -4*j + 3*k + 35 = 0, 6*j + 2*k = 2*j + 30. Calculate the greatest common factor of d and j.
1
Let h be (-19)/(-7) - (-6)/21. Suppose -5*d + 10 = -h*d. Calculate the highest common factor of 5 and d.
5
Let k(h) = -h**3 - 2*h**2 - 3*h + 4. Let v be k(-3). Suppose q + 85 = 2*q + 3*t, t - 351 = -4*q. Let b = 198 - q. What is the highest common divisor of v and b?
22
Let y = 36 - 39. Let s be -5 + (-75)/y - -4. Calculate the greatest common divisor of s and 192.
24
Let n = -894 + 1335. What is the greatest common divisor of n and 63?
63
Suppose 0*l = 3*l - 108. Suppose d - 2*x + 0 - 16 = 0, -4*x = -5*d + 86. What is the greatest common divisor of l and d?
18
Let d(j) = -6 + 0 + j + 4. Suppose -5*n - 14 = -4*h + 15, 4*h = -5*n + 59. Let o be d(h). Calculate the highest common factor of 81 and o.
9
Suppose -33 = -30*q + 27. Calculate the greatest common divisor of q and 134.
2
Suppose -6*v - 11 = -59. Suppose -2 - v = -5*w. Suppose -2*a = -5*g - 129, 3*g - 156 = -w*a - g. What is the highest common divisor of a and 9?
9
Let k be 8/10*20/(-8). Let v be (-4 - k)/((-8)/36). Calculate the highest common divisor of v and 99.
9
Let v = 19 - 9. Let d = 32 - 22. Calculate the greatest common factor of v and d.
10
Suppose -2*u + i + 1 = 0, -3*u = 2*u + i - 13. Suppose -4*t + u + 30 = 0. What is the greatest common divisor of 24 and t?
8
Let c(o) = -3*o + 15. Let x be c(0). Calculate the greatest common divisor of x and 55.
5
Let l(p) = -3*p - 3. Let v be l(-4). Let b(c) = c**3 + 5 - v*c**2 - 7 - 8 + 0 - 8*c. Let f be b(10). Calculate the highest common factor of 10 and f.
10
Suppose 5*i - 333 = -f, -2*i - 4*f + 147 = f. Let r = 9 + i. What is the highest common divisor of 15 and r?
15
Suppose -5*w - 3*r = -4*w - 45, r = 3*w - 145. Let t = -72 - -267. Suppose w = 3*o - t. Calculate the highest common factor of 9 and o.
9
Let b(w) = -w**3 - 28*w**2 - 6*w + 10. Let x be b(-29). Calculate the greatest common divisor of 41 and x.
41
Let l be 2/((-3)/((-225)/10)). Let d = 19 - l. Calculate the greatest common factor of 36 and d.
4
Let b be (492 + 3)/9*(-108)/(-10). Calculate the greatest common factor of 216 and b.
54
Suppose 0 = 13*z + 5*z - 144. Let m be (-25)/(-10) - (-4)/z. What is the greatest common divisor of 3 and m?
3
Suppose -4*n = -5*f - 283, 5*n - 4*f = -3*f + 359. Let r = 2540 - 2360. Calculate the highest common factor of n and r.
36
Let a = 54 + -43. Let p = a + 19. Calculate the highest common factor of 18 and p.
6
Suppose 0*x = -4*x - 4. Let k be (-18)/(x/2 + -1). Let b be 3/(-9) - (-16)/k. What is the highest common divisor of b and 1?
1
Suppose m - 33 - 3 = 3*h, -3*m = 9. Let q = -2 - h. Let x = q - -7. Calculate the highest common factor of 162 and x.
18
Let q(o) = o**2 + 11*o - 13. Let n be q(-9). Suppose 7 = -4*a - 33. Let g = a - n. Calculate the greatest common factor of 14 and g.
7
Suppose 16 = 5*y + w, -y + 10 = 4*y - 5*w. Let j be (-1)/y - 68/(-6). Let t = 367 + -246. Calculate the greatest common factor of j and t.
11
Let o(g) = -g - 3. Let k be o(-15). Let m be (-1)/5 + (-346)/(-5). Suppose -m = -5*f + 81. What is the highest common divisor of k and f?
6
Let w(u) = -u**3 - 5*u**2 - 5*u - 2. Let i be w(-4). Let c be ((1 - i) + 0 - 0) + 121. Calculate the hi